actors of 121964007.
3, 11, 337, 997
List the prime factors of 748492297.
7, 2789, 5477
What are the prime factors of 2572475163?
3, 2897, 295993
List the prime factors of 8757319.
23, 380753
List the prime factors of 323810123.
7, 13, 23, 131, 1181
What are the prime factors of 577795604?
2, 23, 983, 6389
List the prime factors of 50657950.
2, 5, 7, 144737
What are the prime factors of 14775174?
2, 3, 751, 1093
What are the prime factors of 445485199?
445485199
What are the prime factors of 525925705?
5, 23, 59, 77513
List the prime factors of 27006106.
2, 19, 47, 15121
List the prime factors of 188381874.
2, 3, 37, 848567
What are the prime factors of 601910946?
2, 3, 7, 13, 122489
What are the prime factors of 2445080127?
3, 7, 2003, 58129
List the prime factors of 1173228958.
2, 11, 401, 132989
What are the prime factors of 86917826?
2, 43458913
List the prime factors of 1133626017.
3, 37, 919, 11113
What are the prime factors of 53988294?
2, 3, 17, 61, 8677
What are the prime factors of 10052338?
2, 17, 173, 1709
List the prime factors of 13004798.
2, 23, 282713
List the prime factors of 66583646.
2, 37, 899779
List the prime factors of 2376838.
2, 17, 53, 1319
What are the prime factors of 44396930?
2, 5, 4439693
List the prime factors of 153809286.
2, 3, 41, 47, 53, 251
List the prime factors of 2627806.
2, 29, 45307
List the prime factors of 145149585.
3, 5, 7, 223, 6199
What are the prime factors of 59868513?
3, 43, 154699
List the prime factors of 4792590729.
3, 15731, 33851
List the prime factors of 9326930.
2, 5, 181, 5153
What are the prime factors of 88953228?
2, 3, 7, 13, 431
What are the prime factors of 62490015?
3, 5, 7, 89, 743
What are the prime factors of 29714422?
2, 41, 362371
List the prime factors of 165822923.
7, 67, 353567
List the prime factors of 62905687.
13, 372223
What are the prime factors of 355012370?
2, 5, 163, 433, 503
What are the prime factors of 596472013?
17, 2063917
List the prime factors of 4457183.
83, 647
What are the prime factors of 109726119?
3, 211, 57781
List the prime factors of 2197123132.
2, 61, 9004603
List the prime factors of 22156592.
2, 1384787
List the prime factors of 371742639.
3, 401, 309013
List the prime factors of 84399851.
84399851
List the prime factors of 39632632.
2, 13, 19, 31, 647
List the prime factors of 289489218.
2, 3, 349, 138247
What are the prime factors of 3892091560?
2, 5, 7, 101, 19661
List the prime factors of 3062429539.
13, 7591, 31033
What are the prime factors of 22715727?
3, 7571909
What are the prime factors of 35365739?
41, 71, 12149
What are the prime factors of 2952605694?
2, 3, 389, 1265041
What are the prime factors of 2521526264?
2, 487, 647209
What are the prime factors of 111531284?
2, 103, 167, 1621
What are the prime factors of 53298206?
2, 13, 137, 1151
What are the prime factors of 106160681?
11, 877361
List the prime factors of 355065009.
3, 13, 17, 29, 59, 313
List the prime factors of 2360687.
7, 29, 401
List the prime factors of 3152371847.
61, 51678227
What are the prime factors of 40912041?
3, 397, 34351
List the prime factors of 11790666.
2, 3, 655037
List the prime factors of 1347249606.
2, 3, 19, 11817979
List the prime factors of 17642050.
2, 5, 352841
What are the prime factors of 603100703?
37, 2131, 7649
List the prime factors of 150519515.
5, 37, 173, 4703
List the prime factors of 1499902021.
109, 13760569
List the prime factors of 21649897.
263, 313
What are the prime factors of 1129882917?
3, 17, 22154567
List the prime factors of 445975222.
2, 7, 11, 2895943
List the prime factors of 84856060.
2, 5, 41, 103483
List the prime factors of 1618431188.
2, 11, 29, 401, 3163
What are the prime factors of 239779042?
2, 119889521
List the prime factors of 11880866.
2, 1069, 5557
What are the prime factors of 51028855?
5, 761, 13411
List the prime factors of 103941903.
3, 13, 2665177
What are the prime factors of 2043760860?
2, 3, 5, 37, 306871
List the prime factors of 150536787.
3, 1723, 29123
List the prime factors of 843326585.
5, 168665317
List the prime factors of 305058.
2, 3, 13, 3911
List the prime factors of 3810086413.
7, 23, 61, 387953
What are the prime factors of 319266319?
103, 997, 3109
List the prime factors of 18280082.
2, 653, 13997
List the prime factors of 5699619217.
71, 97, 827591
List the prime factors of 77839782.
2, 3, 61, 212677
What are the prime factors of 29212714?
2, 23, 97, 6547
List the prime factors of 119443942.
2, 601, 99371
List the prime factors of 52064289.
3, 642769
List the prime factors of 13376310.
2, 3, 5, 445877
List the prime factors of 1648000686.
2, 3, 4133, 66457
What are the prime factors of 22952056?
2, 67, 42821
What are the prime factors of 111102277?
11, 13, 29, 73, 367
List the prime factors of 7569523709.
11, 7211, 95429
List the prime factors of 1201552080.
2, 3, 5, 79, 127, 499
What are the prime factors of 61689831?
3, 7, 2937611
List the prime factors of 132730279.
11, 73, 165293
List the prime factors of 2765651572.
2, 487, 1419739
List the prime factors of 2206670356.
2, 11, 50151599
List the prime factors of 4968724092.
2, 3, 9277, 44633
List the prime factors of 1090787126.
2, 11, 13, 3813941
What are the prime factors of 1441946366?
2, 7, 19, 5420851
What are the prime factors of 1283944529?
7, 139, 311, 4243
List the prime factors of 85036426.
2, 42518213
List the prime factors of 714835877.
7, 29, 523, 6733
List the prime factors of 1174779594.
2, 3, 17, 797, 4817
What are the prime factors of 72806900?
2, 5, 728069
List the prime factors of 241313994.
2, 3, 3557, 3769
List the prime factors of 11873739.
3, 673, 5881
List the prime factors of 12229390.
2, 5, 857, 1427
List the prime factors of 67512811.
1663, 40597
List the prime factors of 27485919.
3, 1017997
What are the prime factors of 1800211178?
2, 1249, 720661
List the prime factors of 2198273261.
41, 7127, 7523
What are the prime factors of 19684999?
37, 532027
List the prime factors of 3895047447.
3, 23, 3623, 15581
What are the prime factors of 5183871979?
11, 13, 499, 72647
What are the prime factors of 1857785523?
3, 11, 56296531
What are the prime factors of 765576372?
2, 3, 11, 31, 187091
List the prime factors of 86771565.
3, 5, 1928257
What are the prime factors of 498894682?
2, 11, 13, 17, 102611
List the prime factors of 82408148.
2, 4517, 4561
List the prime factors of 18988476.
2, 3, 13, 121721
What are the prime factors of 8091472?
2, 461, 1097
What are the prime factors of 2077709627?
7, 9281, 31981
List the prime factors of 43165968.
2, 3, 899291
List the prime factors of 60380887.
7, 673, 1831
List the prime factors of 588872655.
3, 5, 7, 241, 7757
List the prime factors of 190693711.
13, 47, 312101
What are the prime factors of 56462352?
2, 3, 509, 2311
What are the prime factors of 1905949848?
2, 3, 11, 7219507
List the prime factors of 365064724.
2, 91266181
What are the prime factors of 7905330?
2, 3, 5, 19, 23, 67
What are the prime factors of 452484615?
3, 5, 11, 109, 139, 181
What are the prime factors of 1542998038?
2, 5521, 139739
What are the prime factors of 774076425?
3, 5, 1423, 7253
List the prime factors of 919562694.
2, 3, 153260449
What are the prime factors of 89481096?
2, 3, 37, 33589
List the prime factors of 24145920.
2, 3, 5, 131
What are the prime factors of 68535656?
2, 7, 353, 3467
List the prime factors of 49499332.
2, 19, 67, 9721
List the prime factors of 554211683.
181, 3061943
What are the prime factors of 407710802?
2, 199, 1024399
What are the prime factors of 26799992?
2, 3349999
What are the prime factors of 535409815?
5, 17, 6298939
What are the prime factors of 86967506?
2, 43483753
What are the prime factors of 670598019?
3, 7, 13, 167, 4903
What are the prime factors of 2190474889?
71, 30851759
List the prime factors of 3408867639.
3, 241, 523877
List the prime factors of 3313359488.
2, 149, 173729
What are the prime factors of 4342811274?
2, 3, 26807477
List the prime factors of 594443711.
29, 20498059
What are the prime factors of 85559965?
5, 431, 39703
What are the prime factors of 187885693?
29, 193, 33569
What are the prime factors of 218066062?
2, 53, 2057227
What are the prime factors of 4733495776?
2, 17, 8701279
List the prime factors of 1869824